35 is divided by 293.
63
Calculate the remainder when 17 is divided by 1.
0
Calculate the remainder when 478 is divided by 32.
30
What is the remainder when 347 is divided by 24?
11
What is the remainder when 1457 is divided by 73?
70
What is the remainder when 103 is divided by 8?
7
Calculate the remainder when 907 is divided by 10.
7
What is the remainder when 2348 is divided by 81?
80
What is the remainder when 898 is divided by 42?
16
What is the remainder when 94 is divided by 51?
43
Calculate the remainder when 446 is divided by 209.
28
What is the remainder when 460 is divided by 58?
54
What is the remainder when 283 is divided by 94?
1
What is the remainder when 840 is divided by 71?
59
What is the remainder when 91 is divided by 14?
7
Calculate the remainder when 630 is divided by 128.
118
Calculate the remainder when 2790 is divided by 19.
16
Calculate the remainder when 1093 is divided by 122.
117
Calculate the remainder when 259 is divided by 130.
129
What is the remainder when 495 is divided by 31?
30
Calculate the remainder when 91 is divided by 15.
1
Calculate the remainder when 292 is divided by 14.
12
Calculate the remainder when 4379 is divided by 4370.
9
Calculate the remainder when 9237 is divided by 66.
63
What is the remainder when 1579 is divided by 48?
43
What is the remainder when 978 is divided by 9?
6
What is the remainder when 191 is divided by 24?
23
What is the remainder when 9060 is divided by 35?
30
Calculate the remainder when 81 is divided by 12.
9
Calculate the remainder when 4957 is divided by 160.
157
What is the remainder when 155 is divided by 37?
7
What is the remainder when 3183 is divided by 213?
201
What is the remainder when 196 is divided by 24?
4
What is the remainder when 96 is divided by 43?
10
Calculate the remainder when 1386 is divided by 32.
10
Calculate the remainder when 14 is divided by 9.
5
Calculate the remainder when 433 is divided by 137.
22
Calculate the remainder when 479 is divided by 143.
50
Calculate the remainder when 421 is divided by 232.
189
Calculate the remainder when 259 is divided by 101.
57
What is the remainder when 115 is divided by 38?
1
Calculate the remainder when 519 is divided by 82.
27
Calculate the remainder when 369 is divided by 34.
29
What is the remainder when 33 is divided by 5?
3
Calculate the remainder when 19562 is divided by 18.
14
What is the remainder when 405 is divided by 94?
29
Calculate the remainder when 92 is divided by 24.
20
What is the remainder when 389 is divided by 15?
14
What is the remainder when 909 is divided by 35?
34
Calculate the remainder when 1177 is divided by 27.
16
Calculate the remainder when 231 is divided by 55.
11
What is the remainder when 2149 is divided by 2149?
0
Calculate the remainder when 443 is divided by 88.
3
Calculate the remainder when 141 is divided by 13.
11
Calculate the remainder when 893 is divided by 45.
38
Calculate the remainder when 703 is divided by 12.
7
Calculate the remainder when 1401 is divided by 52.
49
Calculate the remainder when 2765 is divided by 16.
13
What is the remainder when 206 is divided by 32?
14
What is the remainder when 4130 is divided by 72?
26
Calculate the remainder when 273 is divided by 136.
1
What is the remainder when 97 is divided by 8?
1
What is the remainder when 3365 is divided by 279?
17
What is the remainder when 1992 is divided by 6?
0
What is the remainder when 241 is divided by 194?
47
What is the remainder when 163 is divided by 63?
37
Calculate the remainder when 278 is divided by 138.
2
What is the remainder when 417 is divided by 37?
10
What is the remainder when 114 is divided by 34?
12
What is the remainder when 928 is divided by 59?
43
What is the remainder when 136 is divided by 16?
8
Calculate the remainder when 927 is divided by 7.
3
What is the remainder when 2097 is divided by 11?
7
What is the remainder when 7583 is divided by 303?
8
What is the remainder when 1079 is divided by 12?
11
What is the remainder when 238 is divided by 27?
22
What is the remainder when 19780 is divided by 126?
124
Calculate the remainder when 308 is divided by 6.
2
Calculate the remainder when 86 is divided by 8.
6
Calculate the remainder when 38 is divided by 10.
8
What is the remainder when 105 is divided by 53?
52
Calculate the remainder when 4753 is divided by 2372.
9
What is the remainder when 359 is divided by 14?
9
Calculate the remainder when 712 is divided by 47.
7
What is the remainder when 504 is divided by 102?
96
What is the remainder when 388 is divided by 96?
4
Calculate the remainder when 15 is divided by 6.
3
What is the remainder when 524 is divided by 25?
24
Calculate the remainder when 1781 is divided by 89.
1
What is the remainder when 690 is divided by 63?
60
What is the remainder when 2038 is divided by 157?
154
Calculate the remainder when 2224 is divided by 53.
51
What is the remainder when 278 is divided by 77?
47
What is the remainder when 22998 is divided by 53?
49
What is the remainder when 499 is divided by 94?
29
Calculate the remainder when 413 is divided by 132.
17
Calculate the remainder when 57 is divided by 53.
4
Calculate the remainder when 267 is divided by 12.
3
What is the remainder when 164 is divided by 24?
20
What is the remainder when 590 is divided by 53?
7
What is the remainder when 230 is divided by 14?
6
What is the remainder when 1038 is divided by 510?
18
What is the remainder when 314 is divided by 68?
42
Calculate the remainder when 1189 is divided by 39.
19
What is the remainder when 2183 is divided by 8?
7
What is the remainder when 874 is divided by 44?
38
What is the remainder when 247 is divided by 160?
87
Calculate the remainder when 394 is divided by 50.
44
Calculate the remainder when 151 is divided by 77.
74
Calculate the remainder when 258 is divided by 14.
6
Calculate the remainder when 2491 is divided by 251.
232
Calculate the remainder when 25013 is divided by 19.
9
Calculate the remainder when 141 is divided by 25.
16
Calculate the remainder when 142 is divided by 30.
22
What is the remainder when 199 is divided by 38?
9
Calculate the remainder when 499 is divided by 164.
7
Calculate the remainder when 981 is divided by 326.
3
Calculate the remainder when 2330 is divided by 37.
36
Calculate the remainder when 172 is divided by 22.
18
What is the remainder when 86 is divided by 13?
8
What is the remainder when 5846 is divided by 86?
84
What is the remainder when 2098 is divided by 150?
148
Calculate the remainder when 923 is divided by 250.
173
Calculate the remainder when 1946 is divided by 39.
35
What is the remainder when 547 is divided by 77?
8
What is the remainder when 1218 is divided by 595?
28
Calculate the remainder when 37274 is divided by 38.
34
What is the remainder when 3391 is divided by 842?
23
Calculate the remainder when 187 is divided by 28.
19
What is the remainder when 59 is divided by 6?
5
Calculate the remainder when 507 is divided by 189.
129
Calculate the remainder when 783 is divided by 782.
1
Calculate the remainder when 258 is divided by 70.
48
Calculate the remainder when 931 is divided by 865.
66
What is the remainder when 1143 is divided by 35?
23
Calculate the remainder when 800 is divided by 54.
44
Calculate the remainder when 84 is divided by 2.
0
What is the remainder when 3441 is divided by 859?
5
Calculate the remainder when 172 is divided by 9.
1
What is the remainder when 9769 is divided by 14?
11
Calculate the remainder when 1132 is divided by 42.
40
What is the remainder when 19 is divided by 3?
1
What is the remainder when 1257 is divided by 90?
87
What is the remainder when 957 is divided by 318?
3
Calculate the remainder when 873 is divided by 12.
9
What is the remainder when 100 is divided by 35?
30
What is the remainder when 604 is divided by 20?
4
Calculate the remainder when 349 is divided by 62.
39
What is the remainder when 571 is divided by 82?
79
Calculate the remainder when 1219 is divided by 1219.
0
What is the remainder when 1553 is divided by 40?
33
Calculate the remainder when 225 is divided by 63.
36
What is the remainder when 104 is divided by 51?
2
What is the remainder when 4 is divided by 3?
1
Calculate the remainder when 9627 is divided by 58.
57
